the remainder when 6735024 is divided by 409?
21
Calculate the remainder when 2157373 is divided by 127.
24
What is the remainder when 5173252 is divided by 1487?
1466
Calculate the remainder when 831604 is divided by 2095.
1984
Calculate the remainder when 34247 is divided by 584.
375
What is the remainder when 7616122 is divided by 29?
26
What is the remainder when 1125728 is divided by 696?
296
What is the remainder when 70021 is divided by 5365?
276
Calculate the remainder when 6496948 is divided by 371.
367
What is the remainder when 528332 is divided by 176035?
227
What is the remainder when 780053 is divided by 519?
515
Calculate the remainder when 289807 is divided by 1610.
7
Calculate the remainder when 142448 is divided by 8846.
912
Calculate the remainder when 69740180 is divided by 34870079.
22
Calculate the remainder when 1032996 is divided by 179.
166
Calculate the remainder when 49732 is divided by 5972.
1956
Calculate the remainder when 363302 is divided by 2881.
296
What is the remainder when 24949050 is divided by 804808?
2
Calculate the remainder when 15634 is divided by 36.
10
Calculate the remainder when 36480168 is divided by 169.
166
What is the remainder when 384740 is divided by 2827?
268
Calculate the remainder when 544569 is divided by 1182.
849
What is the remainder when 6130421 is divided by 12879?
17
Calculate the remainder when 18305126 is divided by 18305093.
33
Calculate the remainder when 209277 is divided by 230.
207
Calculate the remainder when 25650168 is divided by 794.
792
What is the remainder when 73482084 is divided by 195431?
28
What is the remainder when 30238069 is divided by 17?
16
What is the remainder when 308242 is divided by 50967?
2440
What is the remainder when 166093 is divided by 55279?
256
What is the remainder when 5671663 is divided by 15?
13
Calculate the remainder when 33216 is divided by 11010.
186
What is the remainder when 289537 is divided by 48248?
49
Calculate the remainder when 2744129 is divided by 141.
128
Calculate the remainder when 53780 is divided by 53680.
100
What is the remainder when 137432629 is divided by 60?
49
Calculate the remainder when 112521 is divided by 13919.
1169
Calculate the remainder when 25527221 is divided by 1618.
35
Calculate the remainder when 7429274 is divided by 445.
444
Calculate the remainder when 1237662 is divided by 15866.
114
What is the remainder when 194983 is divided by 11469?
10
What is the remainder when 12750 is divided by 980?
10
Calculate the remainder when 49778803 is divided by 17.
15
Calculate the remainder when 2500797 is divided by 960.
957
What is the remainder when 11103308 is divided by 1386?
62
What is the remainder when 30900718 is divided by 6?
4
What is the remainder when 11850762 is divided by 1975117?
60
Calculate the remainder when 73112 is divided by 36550.
12
What is the remainder when 604735 is divided by 35?
5
Calculate the remainder when 31765165 is divided by 396.
25
Calculate the remainder when 87255 is divided by 14470.
435
Calculate the remainder when 24223629 is divided by 152.
149
What is the remainder when 2571 is divided by 92?
87
Calculate the remainder when 208481 is divided by 758.
31
What is the remainder when 28162 is divided by 28158?
4
Calculate the remainder when 5975731 is divided by 314.
311
What is the remainder when 107065 is divided by 235?
140
What is the remainder when 146213400 is divided by 61?
60
What is the remainder when 18183964 is divided by 7353?
7348
Calculate the remainder when 14417194 is divided by 47739.
16
Calculate the remainder when 3007854 is divided by 1574.
1514
Calculate the remainder when 29138466 is divided by 48.
18
What is the remainder when 9484 is divided by 571?
348
Calculate the remainder when 24877048 is divided by 22.
20
Calculate the remainder when 246387 is divided by 123179.
29
What is the remainder when 40789 is divided by 10078?
477
Calculate the remainder when 518181 is divided by 34544.
21
What is the remainder when 34055 is divided by 387?
386
What is the remainder when 110512 is divided by 24?
16
What is the remainder when 81625563 is divided by 553?
551
What is the remainder when 737993 is divided by 18446?
153
Calculate the remainder when 16948466 is divided by 16948440.
26
What is the remainder when 10104244 is divided by 5052118?
8
What is the remainder when 180353 is divided by 7388?
3041
What is the remainder when 932949 is divided by 1305?
1179
What is the remainder when 47765 is divided by 11894?
189
What is the remainder when 2551211 is divided by 1335?
26
Calculate the remainder when 52421 is divided by 3325.
2546
Calculate the remainder when 967657 is divided by 33363.
130
Calculate the remainder when 232576 is divided by 232556.
20
Calculate the remainder when 40500097 is divided by 259616.
1
Calculate the remainder when 15014704 is divided by 4747.
4690
What is the remainder when 198465 is divided by 41?
25
What is the remainder when 154448 is divided by 37?
10
What is the remainder when 515983 is divided by 128811?
739
Calculate the remainder when 1035359 is divided by 2419.
27
Calculate the remainder when 12805 is divided by 9848.
2957
What is the remainder when 228240 is divided by 32503?
719
Calculate the remainder when 3052123 is divided by 13999.
341
Calculate the remainder when 3296960 is divided by 11408.
48
What is the remainder when 1185913 is divided by 268?
13
What is the remainder when 2877210 is divided by 3?
0
What is the remainder when 77417649 is divided by 19354412?
1
Calculate the remainder when 55227 is divided by 401.
290
What is the remainder when 220990 is divided by 3126?
2170
Calculate the remainder when 1708650 is divided by 40681.
48
What is the remainder when 422601 is divided by 912?
345
What is the remainder when 1587534 is divided by 2048?
334
What is the remainder when 42584 is divided by 4685?
419
What is the remainder when 1083264 is divided by 29277?
15
What is the remainder when 695834 is divided by 123?
23
What is the remainder when 158391 is divided by 19780?
151
Calculate the remainder when 886801 is divided by 26872.
25
What is the remainder when 824713 is divided by 41?
39
Calculate the remainder when 652900 is divided by 652890.
10
What is the remainder when 116015 is divided by 16543?
214
Calculate the remainder when 2593692 is divided by 199514.
10
Calculate the remainder when 75396 is divided by 113.
25
What is the remainder when 2982731 is divided by 1491303?
125
Calculate the remainder when 5516584 is divided by 402.
340
What is the remainder when 1901974 is divided by 950977?
20
What is the remainder when 660660 is divided by 43747?
4455
What is the remainder when 2371797 is divided by 15?
12
Calculate the remainder when 83686362 is divided by 735.
732
What is the remainder when 97316749 is divided by 152534?
57
What is the remainder when 866055 is divided by 108229?
223
Calculate the remainder when 27707366 is divided by 486.
20
Calculate the remainder when 50424891 is divided by 220196.
7
Calculate the remainder when 6934425 is divided by 191.
170
What is the remainder when 41275808 is divided by 295?
293
What is the remainder when 53675040 is divided by 509?
481
Calculate the remainder when 4015963 is divided by 5941.
5788
What is the remainder when 3892461 is divided by 1946227?
7
Calculate the remainder when 53069 is divided by 9225.
6944
What is the remainder when 289291 is divided by 71498?
3299
Calculate the remainder when 41863 is divided by 3751.
602
Calculate the remainder when 19376 is divided by 4091.
3012
What is the remainder when 407277 is divided by 509?
77
Calculate the remainder when 1115597 is divided by 371420.
1337
Calculate the remainder when 4445672 is divided by 130755.
2
What is the remainder when 91386798 is divided by 2927?
4
Calculate the remainder when 62381823 is divided by 702.
699
Calculate the remainder when 2795945 is divided by 346.
265
What is the remainder when 176275726 is divided by 246?
244
What is the remainder when 1148517 is divided by 530?
7
What is the remainder when 57763 is divided by 14399?
167
Calculate the remainder when 532170 is divided by 4834.
430
Calculate the remainder when 54171299 is divided by 183.
5
What is the remainder when 6